{"id":735,"date":"2016-06-30T20:26:53","date_gmt":"2016-06-30T23:26:53","guid":{"rendered":"http:\/\/www.strategio.com.br\/site\/?page_id=735"},"modified":"2016-06-30T20:26:53","modified_gmt":"2016-06-30T23:26:53","slug":"cloud-enterprise-backup","status":"publish","type":"page","link":"http:\/\/www.strategio.com.br\/site\/cloud-enterprise-backup\/","title":{"rendered":"Cloud Enterprise Backup"},"content":{"rendered":"<h1 style=\"text-align: center;\"><span style=\"color: #000080;\">Strategio Cloud Backup\u00a0&#8211; Enterprise Backup\u00a0Solution<\/span><\/h1>\n<p><a href=\"http:\/\/www.strategio.com.br\/site\/wp-content\/uploads\/2016\/06\/Software_3D_Box_StrategioCloudBackup.jpg\"><img loading=\"lazy\" decoding=\"async\" class=\"alignright wp-image-737 size-full\" src=\"http:\/\/www.strategio.com.br\/site\/wp-content\/uploads\/2016\/06\/Software_3D_Box_StrategioCloudBackup.jpg\" width=\"578\" height=\"352\" srcset=\"http:\/\/www.strategio.com.br\/site\/wp-content\/uploads\/2016\/06\/Software_3D_Box_StrategioCloudBackup.jpg 578w, http:\/\/www.strategio.com.br\/site\/wp-content\/uploads\/2016\/06\/Software_3D_Box_StrategioCloudBackup-300x183.jpg 300w\" sizes=\"(max-width: 578px) 100vw, 578px\" \/><\/a><\/p>\n<p><!--more--><\/p>\n<h4>Esta \u00e9 nossa solu\u00e7\u00e3o corporativa baseada na nuvem (Cloud Based) para backup\u00a0de dados de maneira seguran\u00e7a, eficiente e escal\u00e1vel.<\/h4>\n<p>Benef\u00edcios da Solu\u00e7\u00e3o:<\/p>\n<ul>\n<li>Backup automatizado dos arquivos e dados da empresa<\/li>\n<li>Dispensa aquisi\u00e7\u00e3o de hardware<\/li>\n<li>Diminui\u00e7\u00e3o na complexidade t\u00e9cnica para implementa\u00e7\u00e3o e manuten\u00e7\u00e3o do ambiente de TI<\/li>\n<li>Arquivos armazenados em um data center fora da organiza\u00e7\u00e3o.<\/li>\n<li>Dispensa de data center com servidores, storage, sistemas de controle de temperatura, etc.<\/li>\n<\/ul>\n<p><!--more--><\/p>\n<p>Segundo muitos analistas de Tecnologia da Informa\u00e7\u00e3o a tend\u00eancia para os pr\u00f3ximos anos \u00e9 cada vez mais a ado\u00e7\u00e3o de solu\u00e7\u00f5es de armazenamento e backup na nuvem (Cloud Storage &amp; Backup) por parte <a href=\"http:\/\/www.strategio.com.br\/site\/wp-content\/uploads\/2016\/03\/cloudstorageicon.png\" rel=\"attachment wp-att-664\"><img loading=\"lazy\" decoding=\"async\" class=\"size-full wp-image-664 alignright\" src=\"http:\/\/www.strategio.com.br\/site\/wp-content\/uploads\/2016\/03\/cloudstorageicon.png\" alt=\"cloudstorageicon\" width=\"166\" height=\"132\" \/><\/a>das empresas de todos os tamanhos e segmentos. A ado\u00e7\u00e3o de Cloud Backup\u00a0se expande mais rapidamente para empresas pequenas e m\u00e9dias, seguindo a j\u00e1 amplamente utilizada por parte de usu\u00e1rios &#8220;dom\u00e9sticos&#8221;, com as conhecidas solu\u00e7\u00f5es pessoais DropBox, OneDrive, GoogleDrive, por\u00e9m sendo feita de forma manual.<\/p>\n<p>&nbsp;<\/p>\n<p>&nbsp;<\/p>\n","protected":false},"excerpt":{"rendered":"<p>Strategio Cloud Backup\u00a0&#8211; Enterprise Backup\u00a0Solution<\/p>\n","protected":false},"author":1,"featured_media":0,"parent":0,"menu_order":0,"comment_status":"closed","ping_status":"closed","template":"","meta":{"footnotes":""},"_links":{"self":[{"href":"http:\/\/www.strategio.com.br\/site\/wp-json\/wp\/v2\/pages\/735"}],"collection":[{"href":"http:\/\/www.strategio.com.br\/site\/wp-json\/wp\/v2\/pages"}],"about":[{"href":"http:\/\/www.strategio.com.br\/site\/wp-json\/wp\/v2\/types\/page"}],"author":[{"embeddable":true,"href":"http:\/\/www.strategio.com.br\/site\/wp-json\/wp\/v2\/users\/1"}],"replies":[{"embeddable":true,"href":"http:\/\/www.strategio.com.br\/site\/wp-json\/wp\/v2\/comments?post=735"}],"version-history":[{"count":1,"href":"http:\/\/www.strategio.com.br\/site\/wp-json\/wp\/v2\/pages\/735\/revisions"}],"predecessor-version":[{"id":738,"href":"http:\/\/www.strategio.com.br\/site\/wp-json\/wp\/v2\/pages\/735\/revisions\/738"}],"wp:attachment":[{"href":"http:\/\/www.strategio.com.br\/site\/wp-json\/wp\/v2\/media?parent=735"}],"curies":[{"name":"wp","href":"https:\/\/api.w.org\/{rel}","templated":true}]}}